).
15
What is (0 - 5 - (14 + 3 + -14)) + 7?
-1
Evaluate (11 - (33 + -25)) + 8 + (-1 - -2).
12
Evaluate -9 + 31 + -19 + -12.
-9
-32 + (23 - -7 - -7)
5
What is the value of -3 + 5 + -7 + (-10 - -4)?
-11
What is the value of -1 + -5 - (1847 - 1824)?
-29
What is the value of (16 - -1) + 22 + (-9 - 8)?
22
Calculate 1 + -10 - (-21 + 7 - -8).
-3
Calculate (1 - 1) + -254 + 242 - -24.
12
Calculate 7 + (-5 - -3) - 0 - 9.
-4
(-21 - -18) + 16 - 33
-20
What is the value of -3 + (7 - 5) + 7?
6
What is the value of 2 + (1 + 7 + (3 - 6) - -10)?
17
Calculate (12 - (-11 + 6)) + -25 - -12.
4
8 + (-9 - 12) + 6
-7
Calculate -5 + (1 - -11) + (-3 - (1 - 10)).
13
Evaluate (-1 - -14) + -1 - 15 - (-1 + 16).
-18
41 - (-9 + 17 - (-2 + 0))
31
What is the value of -7 + (-40 - -33 - -14 - (1 + -12))?
11
What is the value of (3 - 9 - -11 - 3) + -31 - -6?
-23
Calculate -9 - (16 + -3 - (5 - (-3 - -2))).
-16
Calculate (4 - (-2 + 8 + -4)) + 6 + -10.
-2
What is the value of -26 + -3 + (30 - 4)?
-3
0 + 14 - 18 - -9
5
Calculate -10 - (-18 - -10 - 13).
11
Calculate (7 - (0 + -1 - -18)) + (-3 - 8).
-21
Evaluate 14 - 8 - (-4 + (24 - 7)).
-7
Evaluate 9 - 0 - (7 + (10 - 14)).
6
-51 - (-11 - 25) - 8
-23
Evaluate 403 + -380 + (-2 - 15).
6
Calculate 7 - (9 + -5 - -6 - 2).
-1
Calculate -1 - (10 + -4) - (-43 + 36).
0
What is the value of (-14 - 6) + 44 + -11?
13
Evaluate (-113 - -108) + (1 + -18 - 4).
-26
What is the value of 22 + (-24 - -21) + (4 - (11 + -3))?
15
Evaluate -1 - 6 - (-6 + -4 - 0) - 3.
0
-26 + 32 + (-1 - 1 - -2) - 7
-1
Evaluate -37 + 16 - (12 + -7).
-26
-12 - (8 - 7 - (1 - (-3 - 0)))
-9
Calculate -4 + 19 + -16 - (16 + 1).
-18
What is 49 + -62 + (-2 - -26)?
11
Evaluate -14 - (-1 - (-8 + 12)) - (-1 + 27).
-35
Evaluate (21 + 5 - 14) + (0 - 1).
11
Evaluate -2 + (0 - 2) + 4 + -1.
-1
Calculate 5 - -1 - (-1 + -11 + 16 - -4).
-2
-2 + (-12 - -27) - 1
12
What is the value of -17 - (-3 - 20 - -19)?
-13
Calculate -21 + -19 - -84 - 21.
23
What is 25 - (-5 + -19 + 35)?
14
What is the value of -28 - (-8 + 1) - -8 - 4?
-17
Evaluate 1 + 1 + 8 + -5 + -15.
-10
(36 - (-26 - -42)) + -21
-1
What is 55 + -34 - (9 - -35)?
-23
(23 - 28) + (-9 - -11 - -10)
7
-4 - (4 + -3 + 2) - (2 - 4)
-5
-7 + (-6 - 4) + -6 + 13 + -3
-13
Evaluate (4 + 3 - 3) + -9 + -1.
-6
What is the value of 14 - (-10 + (31 - -16)) - 0?
-23
What is the value of 14 + (-4 - 9) + 26?
27
3 + (19 - (-3 - -5) - (14 + -9))
15
Calculate (3 - (3 + -1)) + 27 - (-663 + 666).
25
Calculate 20 + 14 + -14 + -34.
-14
-14 + -29 + 41 + -25
-27
29 + 0 + -23 + (-2 - -2 - -19)
25
Evaluate 6 + -10 + (-10 - (-1 - 11)) + 16.
14
Calculate 12 + 35 + -23 + (2 - 3).
23
What is the value of (22 - 27) + (-20 - -5)?
-20
12 - (33 - (-3 - -12))
-12
58 - 68 - ((3 - -1) + -3)
-11
What is the value of (-5 - -17 - (4 - (0 + -3))) + -13?
-8
What is (4 - -1) + -1 + (-5 + 2 - 2)?
-1
What is the value of -3 - 6 - (20 - 13 - (-4 + 8))?
-12
Evaluate 93 + -98 - (-1 + -3 - 2).
1
Calculate -15 - 1 - (38 + -64).
10
What is 5 - -2 - (-4 + -1) - 20?
-8
Calculate (-2 - 0) + 9 + (-7 - -12) + -18.
-6
What is the value of 1 + 11 + (1 - (8 + -6 - 6))?
17
What is the value of (134 - 143) + 0 + (2 - -24)?
17
30 - (-8 - (15 - -2 - 30))
25
Calculate -7 + 0 + -5 + 8 + -3 + -9.
-16
Evaluate 3 + (-5 - 5) + -2 - (-3 - 4).
-2
-7 - (14 + -2 - (-2 + 6))
-15
-10 + (-1 - 6 - (-8 - 3)) + -1
-7
Evaluate -9 - (7 + 1 + 210 + -215).
-12
12 + 1 + 4 + -3 + -8 + 1
7
(90 - 84) + -5 + (-1 - 1)
-1
-49 - (-67 + (-30 - -62))
-14
What is the value of -12 + -14 + -15 + 27?
-14
What is the value of -4 + (-36 - (-76 - -41))?
-5
What is -20 - -2 - ((0 - 6) + 0)?
-12
Evaluate 1 + 3 - (-25 + 20).
9
Calculate (27 - 25) + (-1 - (-5 - -1)) - -2.
7
What is the value of -4 + 5 - (-30 + 46 - (-1 + 9))?
-7
14 - 15 - (-4 + 0 - 2)
5
What is -2 - -10 - (-4 + 11)?
1
20 + (30 - (-3 + 17))
36
Evaluate (-4 - 1 - (-10 + 2)) + 9 + 6.
18
Calculate (-10 - 1 - -11 - -3) + (12 - -1).
16
What is the value of -99 + 107 + 0 + -1?
7
Evaluate 29 + (-33 - (10 + 0)).
-14
(-16 + 9 - -11) + -6
-2
What is the value of 52 + (-28 - -15) - 35?
4
What is (14 - (33 + -22)) + (1 + -2 - -1)?
3
What is the value of -2 - (-12 + (1 - -5)) - 8 - -21?
17
What is (-49 - -47 - (-14 + 0)) + -5 - -1?
8
What is 3 - (-11 + 24 - (3 - -1))?
-6
(-12 - -5) + -2 + (-6 + 8 - 0)
-7
Evaluate (-2 - -17) + (10 + -10 - 2).
13
-32 + -1 + 12 + (-20 - (4 - 10))
-35
Calculate 0 + -34 + 38 + -6 + 2.
0
What is 33 + (-31 - (3 - 6))?
5
What is the value of (-3 - 30) + 3 + 43?
13
Calculate 6 - (174 - 175 - (-27 - 1)).
-21
Evaluate 16 + 5 + -1 + (-13 - -4).
11
What is the value of 0 - (-22 + (-4 - -19) - -5)?
2
Evaluate (26 - 29) + 2 + 9 + -11 + 25.
22
1 - -5 - (-54 + 60)
0
Calculate 3 + (-1 - 2) + 8 - -3.
11
Calculate -16 + 19 - (26 + -9).
-14
Evaluate -29 - (-13 - (-16 + 20 + -7)).
-19
What is (-3 - (3 - 11)) + 26 + (-26 - -1)?
6
-14 - 8 - -64 - 38
4
Evaluate 0 + -10 - (4 + -3).
-11
What is -3 + (-1 + -5 + 13 - -8)?
12
Evaluate -170 + 169 - ((-2 - 0) + -9).
10
-1 + (-6 - -26 - 6) + (-5 - 1)
7
Calculate 14 - 1 - (-38 + 51).
0
Evaluate 4 + 12 - (-41 + 58).
-1
643 + -600 + -25 + 1
19
What is the value of 2 + -3 + (163 - 175) + -19 + 1?
-31
(-13 - -5 - -1) + 6
-1
What is 5 + (-9 - (-4 - 7 - -25))?
-18
Evaluate -16 + (-29 - (-20 + -45)).
20
What is 40 + -67 + (32 - 0)?
5
What is (-15 - -23) + -26 - -31?
13
What is the value of (-46 - -40) + (36 - (3 - 6 - -6))?
27
Calculate (-111 - -150) + (2 - 17).
24
What is the value of 4 - (19 - 8) - -4 - 8?
-11
What is the value of -42 - (2 - (-3 + (19 - 6))) - -5?
-29
Evaluate -22 - (-24 - (-3 - 13)).
-14
-481 + 502 - (62 - 1) - (-12 - -1)
-29
Evaluate 6 + 2 + (-64 - -75) + -3 + 9.
25
Calculate -20 - -23 - (-30 + (3 - -3)).
27
Calculate -27 + 39 + (3 - 4 - 3).
8
Evaluate -13 - ((-28 - -15) + 1).
-1
What is the value of (0 - (0 + -7 + 10)) + (2 - 0)?
-1
What is 8 + 1 - (-57 + 62) - -3?
7
What is the value of (-38 - (26 - 60)) + 1?
-3
Calculate 5 - 12 - -25 - (11 + -3 + -7).
17
What is the value of -7 + (2 - -6) + 8 + -5 + -10?
-6
What is (8 - -3 - 2) + (-6 - 3)?
0
-22 + (-13 + 4 - (-5 + 3 + -2))
-27
What is 3 - (3 + (-7 - (-2 - (0 + 4))))?
1
Evaluate (-1 - (15 - -3)) + (14 - 9) - -5.
-9
What is the value of 0 - 7 - (-1 + 6 + -8)?
-4
What is the value of (-14 - (-13 + -1)) + -1 + (-1 - 0)?
-2
Calculate 1 + (10 + -8 - -3).
6
Calculate (9 - 11 - -8) + (-9 - 7).
-10
What is the value of (0 - (16 + -4)) + (27 - 22)?
-7
What is the value of 1 + -8 - (-40 + 36) - -25?
22
Evaluate 8 + 0 - (7 + 11 + (-9 - 8)).
7
Calculate 3 - (11 - (18 + 1 + -10)).
1
What is the value of -12 - (-21 + -10 - -24)?
-5
9 - (-7 - (-6 - (-1 + 4) - -9))
16
Evaluate -18 + (15 - (18 + -17) - 28).
-32
6 + -16 + 2 + -3 + 4
-7
-3 - (-2 - -6 - 4 - -8)
-11
Calculate (4 - 1) + -3 - (1 + 8 + 3).
-12
Evaluate -2 + (-16 + 4 - -13) - -10.
9
Calculate 4 + (-5 + 0 - (-7 - 7)).
13
Evaluate (0 - -22) + (31 + -64 - -29).
18
What is the value of -17 + (2 - (-12 - -8)) + 2 + -6?
-15
Calculate 4 + (-11 + 10 - 4).
-1
What is the value of (-1 - (-6 - -1)) + (-103 - -98) - 2?
-3
Calculate (0 - (1 + -2)) + 75 + -92.
-16
Calculate 21 - ((4 - (15 + -22)) + -16).
26
What is 12 - (-8 - -20) - 8?
-8
-1 - -1 - (-12 - (-4 + 9))
17
Evaluate 11 + (-5 - 2) - (2 + -12) - 2.
12
Evaluate (4 - -6 - -2) + -8 + 1.
5
What is 5 + (2 - 4) + (542 - 530)?
15
9 + -8 + ((4 - 9) + -7 - -4)
-7
(-12 - 10) + -12 + 17
-17
Calculate (200 - 205) + (-2 - -3) + -1 + 7.
2
What is -5 + (8 + 7 - 7) + 10?
13
422 - 431 - (-3 + 1)
-7
Evaluate -26 + 20 + 2 - (-23 + 1).
18
Calculate 11 + (-4 - 9 - 3) + 9 + 4.
8
(12 - 10) + 22 + (-3 - -2) - 5
18
Calculate (-7 - -17) + 1 - 6.
5
What is the value of (5 - (-11 - -21)) + 15 + 1?
11
-12 + -6 + (-2 - (-7 - -2)) + 5
-10
Evaluate 114 + -149 - (-2 + -32).
-1
Evaluate -31 - (-17 + 2 + -4).
-12
What is the value of -1 + -13 - (8 + -31)?
9
-43 + -9 + (-8 - (-34 + 6 + 3))
-35
What is (-2 - -28) + -38 + 18?
6
What is the value of -1 + (-12 - 0) + 0 + (0 - -4)?
-9
What is the value of 10 + (1 - 0 - -2) + -2?
11
What is the value of (-685 - -680) + 6 + -2?
-1
Calculate 10 + (13 - -6) + -16 + 4.
17
Calculate 1 + 16 - (315 + -304).
6
What is the value of -7 + 10 + -11 + 17 + 13?
22
-22 + 10 + -3 + -5 + 4
-16
Calculate 15 - (0 + (-2 - -9)).
8
Calculate 0 + -1 + (-112 - -107).
-6
Calculate 9 + (21 - 30) + -17.
-1